 of 317?
True
Does 7 divide 949940?
False
Does 58 divide 269498856?
True
Is 1977 a factor of 4032927211?
False
Is 1837 a factor of 522778971?
True
Is 740 a factor of 39457887?
False
Is 259460762 a multiple of 7?
False
Is 31 a factor of 44250671?
True
Does 4951 divide 48212838?
True
Does 2159 divide 329895200?
True
Does 259 divide 511445534?
False
Is 1492 a factor of 128404504?
True
Is 110 a factor of 343863786?
False
Is 96437806 a multiple of 19?
True
Is 55 a factor of 22709506?
False
Is 593693457 a multiple of 6141?
True
Is 145878885 even?
False
Is 639630246 a multiple of 157?
True
Does 1780 divide 302395353?
False
Is 358 a factor of 28859380?
False
Does 55 divide 27482235?
True
Is 51043361 a multiple of 390?
False
Is 414 a factor of 61153182?
True
Is 15961020 a multiple of 20?
True
Is 383 a factor of 3187272105?
False
Is 115 a factor of 98012660?
True
Does 27 divide 707299047?
True
Does 1098 divide 4254750?
True
Is 2661 a factor of 309777654?
True
Is 3 a factor of 3187572?
True
Does 8 divide 7818383?
False
Is 2742336093 a multiple of 1851?
True
Is 17 a factor of 46035048?
True
Is 127 a factor of 222464700?
False
Is 10 a factor of 257023910?
True
Does 20 divide 2861420?
True
Is 222 a factor of 240771654?
True
Is 29549946 a multiple of 12?
False
Does 4115 divide 689990855?
True
Is 8 a factor of 12058968?
True
Is 48970205 a multiple of 1435?
False
Is 209 a factor of 1657321303?
True
Is 2013 a factor of 679036026?
False
Does 455 divide 192391029?
False
Is 100893965 a multiple of 35?
False
Is 738806650 a multiple of 86?
True
Is 118 a factor of 757181474?
False
Does 260 divide 55774160?
True
Is 12 a factor of 6602272?
False
Is 7 a factor of 15548238?
False
Is 272 a factor of 20390752?
True
Is 820 a factor of 5740000?
True
Is 75341266 a multiple of 143?
True
Is 570 a factor of 660407876?
False
Is 19118864 a multiple of 8?
True
Is 2404041450 a multiple of 10?
True
Does 1679 divide 41405879?
False
Is 73 a factor of 19702846?
True
Does 119 divide 578633454?
True
Does 13 divide 259106296?
False
Is 1126 a factor of 98454679?
False
Is 19 a factor of 950704?
False
Does 375 divide 3131275500?
True
Is 253 a factor of 5172577?
False
Does 2517 divide 970906949?
False
Does 6 divide 76698263?
False
Is 31 a factor of 26811838?
True
Is 82843900 a multiple of 10?
True
Is 444 a factor of 26985876?
True
Is 5838557 even?
False
Is 699047104 a multiple of 322?
False
Does 391 divide 73574778?
False
Is 264889854 a multiple of 1190?
False
Does 506 divide 791652686?
True
Is 3026580531 a multiple of 1451?
False
Does 2755 divide 1637830970?
True
Is 18 a factor of 1444263283?
False
Is 2631723565 a multiple of 1098?
False
Is 596 a factor of 501553668?
True
Does 119 divide 2361317?
True
Is 2143852425 a multiple of 759?
True
Is 207156941 a multiple of 213?
False
Does 323 divide 55567125?
False
Is 126 a factor of 2256764202?
True
Is 42165774 a multiple of 882?
True
Does 84 divide 15766756?
False
Is 17 a factor of 995656?
True
Is 56128304 a multiple of 72?
False
Does 595 divide 4436334875?
True
Does 7089 divide 68004777?
True
Is 662612139 a multiple of 5271?
True
Is 2845675 a multiple of 161?
True
Is 6 a factor of 764252?
False
Is 3073 a factor of 110468447?
False
Is 2962310 a multiple of 13?
True
Is 753 a factor of 29888829?
True
Is 1359869784 a multiple of 104?
True
Does 7 divide 2268955?
False
Does 450 divide 188521995?
False
Is 46 a factor of 9538528?
False
Does 11 divide 257311344?
False
Does 3678 divide 66001710?
True
Is 147450255 a multiple of 1953?
False
Is 15545685 a multiple of 5?
True
Is 1788 a factor of 498083160?
True
Is 151 a factor of 150795697?
True
Does 132 divide 57974928?
True
Is 14 a factor of 182333168?
False
Does 46 divide 987696590?
True
Is 5707701 a multiple of 40?
False
Is 14 a factor of 48962536?
True
Is 41244098 a multiple of 1786?
True
Does 764 divide 2065547?
False
Does 25 divide 7401461?
False
Is 218 a factor of 29879642?
False
Is 44 a factor of 61512531?
False
Does 145 divide 60522275?
True
Does 398 divide 17954576?
True
Is 12274078 a multiple of 2?
True
Does 3660 divide 428993025?
False
Is 7355110 a multiple of 63?
False
Is 4587 a factor of 302427449?
False
Is 172032584 a multiple of 4068?
False
Does 514 divide 55759234?
True
Is 247 a factor of 12849434?
True
Is 265278388 a multiple of 32?
False
Is 10 a factor of 41034777?
False
Does 1243 divide 8656252?
True
Is 583062766 a multiple of 209?
True
Is 110 a factor of 532526170?
True
Does 8 divide 23261181?
False
Is 37903761 a multiple of 1198?
False
Does 66 divide 351485970?
True
Is 189010870 a multiple of 146?
True
Is 141944512 a multiple of 64?
True
Is 765224018 a multiple of 13?
True
Is 295 a factor of 47928052?
False
Does 1254 divide 257492598?
True
Is 28 a factor of 47557384?
True
Does 286 divide 153868?
True
Is 16421080 a multiple of 52?
True
Is 29614428 a multiple of 218?
True
Does 10 divide 1263387400?
True
Is 74461404 a multiple of 222?
False
Is 77924570 a multiple of 758?
False
Does 7 divide 10828324?
False
Is 100061212 a multiple of 1354?
False
Does 154 divide 327520732?
True
Is 8 a factor of 393051048?
True
Does 20 divide 12689360?
True
Does 9 divide 85972678?
False
Is 634964132 a multiple of 92?
False
Is 724984668 a multiple of 159?
True
Is 26660035 a multiple of 59?
True
Does 2337 divide 23397978?
False
Is 101151252 a multiple of 12?
True
Does 3 divide 46998764?
False
Is 61387774 a multiple of 12?
False
Is 453778998 a multiple of 1766?
True
Does 14 divide 1834028952?
True
Does 68 divide 15323225?
False
Is 3122718 a multiple of 134?
False
Is 107821196 a multiple of 675?
False
Does 27 divide 401274342?
False
Is 32252216 a multiple of 38?
False
Does 886 divide 5613932?
False
Is 9610 a factor of 2260742890?
True
Does 2329 divide 350811971?
False
Does 1175 divide 90007259?
False
Is 179194 a multiple of 31?
False
Is 506 a factor of 6251630?
True
Is 134 a factor of 1431010254?
True
Is 16 a factor of 496289676?
False
Is 2779415032 a multiple of 1225?
False
Is 19765046 a multiple of 4?
False
Is 331929150 a multiple of 50?
True
Is 62830089 a multiple of 331?
True
Is 940569099 a multiple of 4?
False
Is 4 a factor of 396622803?
False
Is 882886074 a multiple of 11?
False
Does 10 divide 38826920?
True
Is 57540807 a multiple of 37?
False
Is 816 a factor of 18377341?
False
Is 64126721 a multiple of 231?
False
Does 5 divide 18394200?
True
Is 61509005 a multiple of 404?
False
Is 465498991 a multiple of 5795?
False
Is 3 a factor of 86939343?
True
Does 306 divide 3902543?
False
Is 177 a factor of 305123220?
True
Does 230 divide 2539380275?
False
Does 510 divide 225443460?
True
Is 31 a factor of 1263971835?
True
Does 215 divide 260000226?
False
Does 20 divide 2644726605?
False
Does 1589 divide 53098539?
False
Is 55008667 a multiple of 7?
True
Does 2107 divide 260643952?
False
Is 551 a factor of 479277829?
False
Is 15 a factor of 108171390?
True
Does 46 divide 132178332?
True
Does 3208 divide 112285176?
False
Is 110957056 a multiple of 319?
False
Is 7 a factor of 2155775516?
False
Is 536474460 a multiple of 107?
True
Does 35 divide 153985491?
False
Is 41 a factor of 744114821?
False
Is 34 a factor of 211906839?
False
Does 17 divide 203752261?
False
Does 31 divide 694343549?
True
Is 13358751 a multiple of 478?
False
Is 66 a factor of 92389374?
True
Is 286 a factor of 40205873?
False
Does 166 divide 1671964702?
False
Is 145889621 a multiple of 1396?
False
Is 1020463778 a multiple of 166?
False
Does 55 divide 1375511288?
False
Is 211 a factor of 697571195?
False
Does 2462 divide 249329202?
True
Is 14265703 a multiple of 647?
True
Is 1592948762 a multiple of 1926?
False
Does 240 divide 269121840?
True
Is 936174600 a multiple of 90?
True
Is 4469 a factor of 2607898357?
True
Is 368183793 a multiple of 143?
False
Is 249 a factor of 6945796734?
True
Is 11356136 a multiple of 11?
True
Is 1573203570 a multiple of 130?
False
Is 64 a factor of 1011801280?
True
Is 78684876 a multiple of 2196?
True
Does 32 divide 12050614?
False
Is 2350 a factor of 20677650?
True
Is 239 a factor of 9513764?
False
Is 15990114 a multiple of 42?
True
Does 35 divide 259900025?
True
Is 801 a factor of 37535661?
True
Does 4 divide 87864740?
True
Does 77 divide 30252210?
False
Does 160 divide 272989373?
False
Does 270 divide 322945110?
True
D